g?
9
Let m = -5 + 12. Let v(p) = -20*p - 17*p + m*p - 3. What is the units digit of v(-2)?
7
Let p(w) = w**2 - 8*w + 3. Let m be p(9). Suppose m = 4*f - 5*s, -9 = -2*f + 5*s + 7. Let k = 26 - f. What is the tens digit of k?
2
Let y(b) = 113*b - 9. Let f be y(5). Suppose -785 = -9*u + f. What is the hundreds digit of u?
1
Let i(n) = -40*n**2 + 18*n + 25. Let w(r) = 27*r**2 - 12*r - 17. Let x(g) = -5*i(g) - 7*w(g). What is the hundreds digit of x(-3)?
1
Let y = -172 - -392. What is the units digit of (11/(y/(-16)))/(1/(-60))?
8
Suppose 3*a - 5*q = a + 853, 5*q - 883 = -2*a. What is the tens digit of a?
3
Let u be (-2)/(-3)*3/1. Suppose u*q + 20 = -4*o, -5*o - 3*q - 31 = q. What is the units digit of -25*((-2 - o) + -2)?
5
Suppose -870 = 7*m - 11*m + 3*p, -432 = -2*m + 3*p. What is the tens digit of m?
1
Suppose -2*m = -0*r + 2*r - 90, 4*r - 180 = 4*m. Suppose c = 6*c - r. What is the tens digit of (c + (1 - 2))*2?
1
Suppose 15 = 5*l - 3*i - 2*i, -6 = -3*l + 4*i. Suppose -4*d + 5*z + 63 = -55, 3*z = -l. What is the units digit of d?
7
Let u(c) = 12*c**2 - 10*c - 275. What is the tens digit of u(-16)?
5
Suppose -3*l = 3*l. Suppose -4*q + l*q + 476 = 0. What is the hundreds digit of q?
1
Let i = -582 - -985. What is the hundreds digit of i?
4
Let w(i) be the third derivative of -i**5/60 - 7*i**4/24 - i**3/3 - i**2. Let t be w(-8). What is the units digit of 112/5 + 4/t?
2
Let n be -1*(1 - 1 - 0). Suppose -3*t + 3 = -d - 12, 5*t + d - 17 = n. Let h = t + 51. What is the units digit of h?
5
Let j(k) = 5*k - 15. Let g(f) = -2*f + 8. Let l(d) = 7*g(d) + 3*j(d). What is the units digit of l(12)?
3
Suppose 9 = 5*r - 2*r. Suppose g = -3*g - r*q + 23, 1 = q. What is the units digit of (-160)/(-12)*(-2 + g)?
0
Let d(l) = 21*l**2 - 3*l + 3. Let n be d(2). Suppose n = -2*a + 237. What is the units digit of a?
8
Let w(j) = -11*j**2 - 13*j - 7. Let a(k) = 5*k**2 + 6*k + 3. Let d(t) = 9*a(t) + 4*w(t). Let y be d(-3). Suppose 21 = y*m + 7. What is the units digit of m?
7
Let k(f) = -9*f - 11. Suppose -16*l = -21*l - 25. What is the tens digit of k(l)?
3
Let u be -1*((-4)/8*0)/(-2). Suppose u*r - r = -5*w - 60, -270 = -5*r - 5*w. What is the tens digit of r?
5
Let i = -20 - -3. Let g = i + 19. Let t = 5 - g. What is the units digit of t?
3
Let d be (-20)/2*(-216)/15. Suppose -114 = 4*g + j, -4*g = g + 2*j + d. What is the units digit of 18/4*g/(-21)?
6
Suppose -44*d + 45*d - 317 = 0. What is the units digit of d?
7
Let u(n) be the third derivative of -n**6/120 - n**5/15 - n**4/4 - 5*n**3/6 - n**2. Suppose 0 = -5*a - 15, 7 + 1 = i - 4*a. What is the tens digit of u(i)?
1
Let m(d) = -d**2 - 6*d + 1. Let t be m(-5). Suppose -2 = -2*c - t. What is the tens digit of 34/c*(2 + -3)?
1
Suppose 31*y = 76115 + 641. What is the tens digit of y?
7
Suppose -3*s + 2921 = 392. What is the units digit of s?
3
Suppose -4*i = 2*w - 20, -6 = -4*i + 4*w + 2. Suppose -3*d + i*d - 3 = 0. Suppose -5*z - 5*x + 70 = 0, -x + 59 = d*z + z. What is the tens digit of z?
1
Let d = -2630 - -4123. What is the hundreds digit of d?
4
Let d be 2/4*(5 + 3). Suppose -2*i + 5*n = 18, -3*i + 0*n = d*n + 4. What is the units digit of (156/(-16) - 2)*i?
7
Let r(d) = -d + 17. Let z be r(12). Suppose 2*j - 4*h - 328 = 0, -2*j + z*h = -4*j + 310. What is the units digit of j?
0
Let r(h) = 6*h. Let g be r(3). Let z(x) = 5*x + 32. What is the units digit of z(g)?
2
Let j(s) = -3*s**3 + 3 - 2*s**2 + 2*s + 2*s**3 + 0*s. Let l be 1 + -5 + (-2 - -10) + -9. What is the tens digit of j(l)?
6
Let v = -83 + 85. Suppose 2*q = -3*o + 458, -5*q = 4*o - v*o - 287. What is the units digit of o?
6
Let f(y) = -y**2 + 19*y + 10*y - 25*y. Let o be f(4). Suppose 2*b + 2*b - 124 = o. What is the tens digit of b?
3
Let m = 143 - 135. Let c be -2*(-3)/6 + -1. Let o = m + c. What is the units digit of o?
8
Let h be (-112)/48*(1/1 - 31). Let i = h - 14. What is the tens digit of i?
5
Let w be 8/(-4) + (-57 + -3 - 1). Let b = -53 - w. What is the tens digit of b?
1
Let h(y) = -128*y + 72. What is the thousands digit of h(-8)?
1
What is the hundreds digit of ((-2493)/6)/(1/(-2))?
8
Suppose 6*q = 10*q - 3*n - 10001, 0 = -3*q + n + 7502. What is the units digit of q?
1
Let o(u) = -1140*u - 24. What is the thousands digit of o(-4)?
4
What is the units digit of (-267)/((-2470)/(-361) + (-14)/2)?
1
What is the thousands digit of 8/3*(-422985)/(-346)?
3
Let v(y) = 2*y - 9. Let p be v(6). Suppose -p*f + 6 = 39. Let z = 11 - f. What is the units digit of z?
2
What is the tens digit of -4*(74962/296)/(2/(-4))?
2
Let c(x) = -x**3 + 14*x**2 - 42. What is the hundreds digit of c(10)?
3
Let v(j) = 115*j + 15. Let p be v(7). Suppose 0 = -q + 5*q - p. What is the units digit of q?
5
Suppose 0 = -2*c - h + 7, c + h = 3*h + 6. Let z be 0/(3/(c/(-4))). Suppose z = -4*a - 27 + 87. What is the tens digit of a?
1
Let y be ((-198)/10)/((-15)/(-75)). Let m = 148 + y. What is the units digit of m?
9
Let m(f) = f**2 + 2*f - 6. Let y(r) = -r**3 - 2*r**2 + 4*r - 1. Let x be y(-3). Let l be m(x). Let g(p) = p**2 - 3*p + 4. What is the units digit of g(l)?
2
Let q(b) = -10*b - 1. Let n be q(1). Let y be 5/(-3 - n/2). Let p = 13 + y. What is the tens digit of p?
1
Suppose 5*y - 545 - 2475 = 0. What is the units digit of y?
4
Let d(v) = 11*v. Let n(t) = -165*t. Let y(c) = 44*d(c) + 3*n(c). What is the tens digit of y(-11)?
2
Suppose 0 = 2*b + 8, -18 - 10 = -2*l + 5*b. Suppose s + 12 = l*s. Suppose -5*k + 145 = -2*h, k = -s*h + 72 - 21. What is the tens digit of k?
3
Let s(y) = 141*y + 4. What is the units digit of s(2)?
6
Let u(n) = -n - 9. Let y be u(-11). Suppose -5*l + 12 = y. Suppose 2*k - l*g - 40 = 2*g, g - 29 = -k. What is the tens digit of k?
2
What is the tens digit of 108/(-6)*(-76)/12?
1
Let f(j) = 2*j**2 - 4*j + 2. Let n be f(7). Let v be (-38)/(-209) - 84/(-22). Suppose -v*z + 2*z = -n. What is the tens digit of z?
3
Let y(x) be the third derivative of -1/6*x**3 + 1/3*x**4 + 0 + 0*x + x**2. What is the tens digit of y(2)?
1
Let r be (-3)/6*(2 - 4). Let x be (-7)/((3 - 3) + r). What is the tens digit of 2 + 3 + x + 33?
3
Suppose -23*f + 40 = -22*f. What is the tens digit of 12/(3 - -1) + f?
4
Suppose 0 = 5*y + 3*r - 175, -4*r - 71 = -3*y + r. Let v = 16 - y. Let o = v + 17. What is the units digit of o?
1
Let z(u) = -2*u + 9. Let a(x) be the third derivative of x**6/120 + x**5/10 + 7*x**4/24 + x**3/2 + 6*x**2. Let l be a(-5). What is the units digit of z(l)?
3
Let q(s) = s + 19. Let k be q(-13). Suppose 4*f + 8 = 0, -y - 4*f - k = -0. Suppose 3*x = -g + 175, 29 = -x + y*g + 78. What is the units digit of x?
7
Suppose 10*w = -w + 594. What is the units digit of 3*w - (-5)/(30/(-12))?
0
What is the tens digit of (-8 - -11)/((15/(-676))/(-5))?
7
Suppose 4*g = 3*z + 2584, -9 = -2*z - 1. What is the units digit of g?
9
Suppose b - 1 = 2. Let c(w) = 25*w + 6. What is the units digit of c(b)?
1
Let w = -2117 - -5249. What is the hundreds digit of w?
1
Let s = 1 - -4. Suppose c = s - 1. Suppose 0 = p + 4*m - 34, 0 = 3*p + c*m - 81 + 11. What is the units digit of p?
8
What is the thousands digit of 6*-4*(-6130)/60?
2
Let w(j) = -j**2 - 2. Let t be w(0). Let m(b) = 5*b - 6*b - 9*b. What is the tens digit of m(t)?
2
Let v(k) = 37*k + 1. Let d(a) = 111*a + 2. Let t(x) = -4*d(x) + 14*v(x). What is the units digit of t(1)?
0
Let p(m) = -m**2 + 10*m + 1. Let t be p(10). What is the units digit of 5*t*(-66)/(-110)?
3
Let k be -1*(-137 + 0) + -2. Let q(z) = 7*z**2 + 2*z - 1. Let h be q(1). What is the units digit of (h/(-6))/((-10)/k)?
8
What is the units digit of -8*1061/(-8) + 4?
5
Let m be (-3654)/(-81) - 1/9. Let t be m/15 - 1*2. What is the units digit of t - 4/(16/(-140))?
6
Suppose -r = -2*i, -4*i + 0 = r - 12. Suppose -h = -i*h + 39. What is the tens digit of h?
3
Let z(n) = 281*n - 23. What is the units digit of z(1)?
8
Let f(n) = 6*n + 5*n**2 + 150 - 142 + 6*n**3 - 7*n**3. Let p(c) = -c**3 + 3*c**2 + 7*c - 6. Let z be p(4). What is the units digit of f(z)?
8
Let h(z) = 4*z**2 + z. Let g be h(1). What is the units digit of 21/(-35) - (-43)/g?
8
Let g(t) = t**3 + 3*t**2 + 2*t - 2. Let y be g(-2). What is the tens digit of 0 + 76 + (y - (2 + -5))?
7
Let x be 13/26 + 6/4. Suppose -2*r + 1 = 7, 3*d = x*r + 42. What is the units digit of d?
2
What is the unit